{"id":296,"date":"2024-07-03T07:55:51","date_gmt":"2024-07-03T07:55:51","guid":{"rendered":"http:\/\/www.myharp.pl\/?page_id=296"},"modified":"2025-05-07T05:53:53","modified_gmt":"2025-05-07T05:53:53","slug":"kontakt","status":"publish","type":"page","link":"https:\/\/www.myharp.pl\/index.php\/kontakt\/","title":{"rendered":"Kontakt"},"content":{"rendered":"<div class=\"wpb-content-wrapper\"><p>[vc_row row_height_percent=&#8221;0&#8243; override_padding=&#8221;yes&#8221; h_padding=&#8221;2&#8243; top_padding=&#8221;3&#8243; bottom_padding=&#8221;3&#8243; back_color=&#8221;color-491171&#8243; overlay_color=&#8221;color-xsdn&#8221; overlay_alpha=&#8221;50&#8243; gutter_size=&#8221;3&#8243; column_width_percent=&#8221;100&#8243; shift_y=&#8221;0&#8243; z_index=&#8221;0&#8243; uncode_shortcode_id=&#8221;559372&#8243; back_color_type=&#8221;uncode-palette&#8221; overlay_color_type=&#8221;uncode-palette&#8221;][vc_column column_width_percent=&#8221;100&#8243; gutter_size=&#8221;3&#8243; style=&#8221;light&#8221; overlay_alpha=&#8221;50&#8243; shift_x=&#8221;0&#8243; shift_y=&#8221;0&#8243; shift_y_down=&#8221;0&#8243; z_index=&#8221;0&#8243; medium_width=&#8221;0&#8243; mobile_width=&#8221;0&#8243; width=&#8221;1\/3&#8243; uncode_shortcode_id=&#8221;931644&#8243;][vc_custom_heading text_font=&#8221;font-298953&#8243; text_size=&#8221;h1&#8243; text_weight=&#8221;400&#8243; uncode_shortcode_id=&#8221;201111&#8243;]Kontakt[\/vc_custom_heading][vc_column_text text_lead=&#8221;small&#8221; uncode_shortcode_id=&#8221;200608&#8243;]607 598 580 \u2013 Marta Mogielnicka<br \/>\n508 726 322 \u2013 Mateusz Mr\u00f3z[\/vc_column_text][vc_column_text text_lead=&#8221;small&#8221; uncode_shortcode_id=&#8221;157870&#8243;]<a title=\"Napisz do\u00a0nas\" href=\"mailto:kontakt@myharp.pl\">kontakt@myharp.pl<\/a>[\/vc_column_text][vc_column_text text_lead=&#8221;small&#8221; uncode_shortcode_id=&#8221;110044&#8243;]MyHarp.pl<br \/>\nNowa S\u00f3l, 67-100,<br \/>\nul. Kombatant\u00f3w 9[\/vc_column_text][vc_column_text text_lead=&#8221;small&#8221; uncode_shortcode_id=&#8221;162664&#8243;]Santander Bank<br \/>\n46 1910 1048 2505 9552 0434 0001[\/vc_column_text][uncode_socials][\/vc_column][vc_column width=&#8221;2\/3&#8243;]\n<div class=\"wpcf7 no-js\" id=\"wpcf7-f9-o1\" lang=\"pl-PL\" dir=\"ltr\">\n<div class=\"screen-reader-response\"><p role=\"status\" aria-live=\"polite\" aria-atomic=\"true\"><\/p> <ul><\/ul><\/div>\n<form action=\"\/index.php\/wp-json\/wp\/v2\/pages\/296#wpcf7-f9-o1\" method=\"post\" class=\"wpcf7-form init input-background\" aria-label=\"Formularz kontaktowy\" novalidate=\"novalidate\" data-status=\"init\">\n<div style=\"display: none;\">\n<input type=\"hidden\" name=\"_wpcf7\" value=\"9\" \/>\n<input type=\"hidden\" name=\"_wpcf7_version\" value=\"5.9.8\" \/>\n<input type=\"hidden\" name=\"_wpcf7_locale\" value=\"pl_PL\" \/>\n<input type=\"hidden\" name=\"_wpcf7_unit_tag\" value=\"wpcf7-f9-o1\" \/>\n<input type=\"hidden\" name=\"_wpcf7_container_post\" value=\"0\" \/>\n<input type=\"hidden\" name=\"_wpcf7_posted_data_hash\" value=\"\" \/>\n<\/div>\n<p><label> Twoje imi\u0119 i nazwisko<br \/>\n<span class=\"wpcf7-form-control-wrap\" data-name=\"your-name\"><input size=\"40\" maxlength=\"400\" class=\"wpcf7-form-control wpcf7-text wpcf7-validates-as-required\" autocomplete=\"name\" aria-required=\"true\" aria-invalid=\"false\" value=\"\" type=\"text\" name=\"your-name\" \/><\/span> <\/label>\n<\/p>\n<p><label> Tw\u00f3j adres e-mail<br \/>\n<span class=\"wpcf7-form-control-wrap\" data-name=\"your-email\"><input size=\"40\" maxlength=\"400\" class=\"wpcf7-form-control wpcf7-email wpcf7-validates-as-required wpcf7-text wpcf7-validates-as-email\" autocomplete=\"email\" aria-required=\"true\" aria-invalid=\"false\" value=\"\" type=\"email\" name=\"your-email\" \/><\/span> <\/label>\n<\/p>\n<p><label> Temat<br \/>\n<span class=\"wpcf7-form-control-wrap\" data-name=\"your-subject\"><input size=\"40\" maxlength=\"400\" class=\"wpcf7-form-control wpcf7-text wpcf7-validates-as-required\" aria-required=\"true\" aria-invalid=\"false\" value=\"\" type=\"text\" name=\"your-subject\" \/><\/span> <\/label>\n<\/p>\n<p><label> Twoja wiadomo\u015b\u0107<br \/>\n<span class=\"wpcf7-form-control-wrap\" data-name=\"your-message\"><textarea cols=\"40\" rows=\"10\" maxlength=\"2000\" class=\"wpcf7-form-control wpcf7-textarea\" aria-invalid=\"false\" name=\"your-message\"><\/textarea><\/span> <\/label>\n<\/p>\n<p><input class=\"wpcf7-form-control wpcf7-submit has-spinner\" type=\"submit\" value=\"Wy\u015blij\" \/>\n<\/p><div class=\"wpcf7-response-output\" aria-hidden=\"true\"><\/div>\n<\/form>\n<\/div>\n[\/vc_column][\/vc_row][vc_row row_height_percent=&#8221;0&#8243; override_padding=&#8221;yes&#8221; h_padding=&#8221;2&#8243; top_padding=&#8221;4&#8243; bottom_padding=&#8221;4&#8243; back_image=&#8221;178&#8243; overlay_alpha=&#8221;50&#8243; gutter_size=&#8221;5&#8243; column_width_percent=&#8221;100&#8243; shift_y=&#8221;0&#8243; z_index=&#8221;0&#8243; uncode_shortcode_id=&#8221;112951&#8243; row_name=&#8221;faq&#8221;][vc_column column_width_percent=&#8221;100&#8243; position_horizontal=&#8221;left&#8221; position_vertical=&#8221;middle&#8221; gutter_size=&#8221;3&#8243; overlay_alpha=&#8221;50&#8243; shift_x=&#8221;0&#8243; shift_y=&#8221;0&#8243; shift_y_down=&#8221;0&#8243; z_index=&#8221;0&#8243; medium_width=&#8221;0&#8243; mobile_width=&#8221;0&#8243; width=&#8221;1\/3&#8243; uncode_shortcode_id=&#8221;185917&#8243;][vc_custom_heading text_font=&#8221;font-298953&#8243; text_size=&#8221;h1&#8243; text_weight=&#8221;400&#8243; uncode_shortcode_id=&#8221;967430&#8243;]FAQ[\/vc_custom_heading][vc_custom_heading text_font=&#8221;font-555555&#8243; text_size=&#8221;h6&#8243; text_weight=&#8221;400&#8243; uncode_shortcode_id=&#8221;943532&#8243;]Tutaj znajdziecie odpowiedzi na najcz\u0119\u015bciej zadawane pytania. Proste i szybkie&#8230; jak glisando! Je\u015bli chcecie zapyta\u0107 o co\u015b innego, to piszczcie \u015bmia\u0142o na kontakt@myharp.pl[\/vc_custom_heading][\/vc_column][vc_column column_width_percent=&#8221;100&#8243; gutter_size=&#8221;3&#8243; back_color=&#8221;color-xsdn&#8221; overlay_alpha=&#8221;50&#8243; shift_x=&#8221;0&#8243; shift_y=&#8221;0&#8243; shift_y_down=&#8221;0&#8243; z_index=&#8221;0&#8243; medium_width=&#8221;0&#8243; mobile_width=&#8221;0&#8243; radius=&#8221;std&#8221; width=&#8221;2\/3&#8243; uncode_shortcode_id=&#8221;172492&#8243; back_color_type=&#8221;uncode-palette&#8221;][vc_accordion][vc_accordion_tab gutter_size=&#8221;2&#8243; column_padding=&#8221;2&#8243; title=&#8221;Czy musz\u0119 kupowa\u0107 harf\u0119, \u017ceby nauczy\u0107 si\u0119 na niej gra\u0107?&#8221; tab_id=&#8221;1717082974-1-5017199897570301719993071576&#8243;][vc_column_text uncode_shortcode_id=&#8221;114417&#8243;]Nie ma konieczno\u015bci zakupu harfy, je\u015bli dopiero chcesz nauczy\u0107 si\u0119 gra\u0107. Na pocz\u0105tku mo\u017cesz wynaj\u0105\u0107 instrument.[\/vc_column_text][\/vc_accordion_tab][vc_accordion_tab gutter_size=&#8221;2&#8243; column_padding=&#8221;2&#8243; title=&#8221;Od czego powinienem zacz\u0105\u0107 przygod\u0119 z harf\u0105?&#8221; tab_id=&#8221;1717082974-2-6517199897570301719993071576&#8243;][vc_column_text uncode_shortcode_id=&#8221;144303&#8243;]Zacznij od tego, \u017ceby znale\u017a\u0107 nauczyciela na kilka stacjonarnych lekcji. To wa\u017cne, poniewa\u017c dostaniesz bezpo\u015bredni\u0105 pomoc, kt\u00f3ra pomo\u017ce Ci zrozumie\u0107 podstawy gry. Od pocz\u0105tku musisz zaopatrzy\u0107 si\u0119 w instrument, by m\u00f3c na nim \u0107wiczy\u0107 w domu. Harfy na pocz\u0105tek nie musisz kupowa\u0107, mo\u017cesz j\u0105 wynaj\u0105\u0107.[\/vc_column_text][\/vc_accordion_tab][vc_accordion_tab gutter_size=&#8221;2&#8243; column_padding=&#8221;2&#8243; title=&#8221;Dlaczego na Waszej stronie znajduj\u0105 si\u0119 tylko harfy Camac Harps?&#8221; tab_id=&#8221;1717083171687-2-317199897570301719993071576&#8243;][vc_column_text uncode_shortcode_id=&#8221;171332&#8243;]Jako dystrybutor harf Camac, z pe\u0142nym przekonaniem stawiamy na jako\u015b\u0107 tych instrument\u00f3w. Ka\u017cdy element jest wytwarzany w Europie, a wykorzystane drewno poddawane jest selekcji przez do\u015bwiadczonych specjalist\u00f3w. Monta\u017c cz\u0119\u015bci mechanicznych odbywa si\u0119 r\u0119cznie, co zapewnia najwy\u017cszy standard wykonania. Mieli\u015bmy przyjemno\u015b\u0107 \u015bledzi\u0107 ka\u017cdy etap produkcji harfy w fabryce w Mouzeil we Francji, dzi\u0119ki czemu znamy zastosowane technologie i mo\u017cemy zagwarantowa\u0107 doskona\u0142\u0105 jako\u015b\u0107 harf Camac.[\/vc_column_text][\/vc_accordion_tab][vc_accordion_tab gutter_size=&#8221;2&#8243; column_padding=&#8221;2&#8243; title=&#8221;Jakie struny kupi\u0107 do swojej harfy?&#8221; tab_id=&#8221;1717083182520-3-917199897570301719993071576&#8243;][vc_column_text uncode_shortcode_id=&#8221;903760&#8243;]Do harfy powinno si\u0119 zawsze dokupowa\u0107 ten sam rodzaj strun, kt\u00f3rym instrument zosta\u0142 fabrycznie ostrunowany. Struny Camac wyst\u0119puj\u0105 tylko w harfach tego producenta, natomiast harfy Salvi i Lyon &amp; Healy maj\u0105 za\u0142o\u017cone struny firmy Bow Brand. Je\u015bli masz w\u0105tpliwo\u015b\u0107 jaki rodzaj struny jest Ci potrzebny (jelitowa\/ nylonowa\/ karbonowa) sprawd\u017a wklejk\u0119 z nazw\u0105 modelu znajduj\u0105c\u0105 si\u0119 wewn\u0105trz instrumentu. Pod nazw\u0105 powinien by\u0107 umieszczony rodzaj zastosowanych strun. Je\u015bli czego\u015b nie jeste\u015b pewien &#8211; skontaktuj si\u0119 z nami.[\/vc_column_text][\/vc_accordion_tab][vc_accordion_tab gutter_size=&#8221;2&#8243; column_padding=&#8221;2&#8243; title=&#8221;Czy istnieje mo\u017cliwo\u015b\u0107 nauki gry stacjonarnie?&#8221; tab_id=&#8221;1717083196556-4-117199897570301719993071576&#8243;][vc_column_text uncode_shortcode_id=&#8221;107672&#8243;]Tak, mo\u017cna zapisa\u0107 si\u0119 na lekcje indywidualne prowadzone w naszym salonie w Nowej Soli.[\/vc_column_text][\/vc_accordion_tab][vc_accordion_tab gutter_size=&#8221;2&#8243; column_padding=&#8221;2&#8243; title=&#8221;Czy mo\u017cna kupi\u0107 harf\u0119 na raty?&#8221; tab_id=&#8221;1717083196556-4-1617199897570301719993071576&#8243;][vc_column_text uncode_shortcode_id=&#8221;163093&#8243;]P\u0142atno\u015bci za harf\u0119 mo\u017cemy podzieli\u0107 na nieoprocentowane raty. Kontaktuj\u0105c si\u0119 z nami ustalisz indywidualny plan sp\u0142aty instrumentu. Najcz\u0119\u015bciej p\u0142atno\u015bci za harf\u0119 haczykow\u0105 dzielimy na 6 miesi\u0119cy, a p\u0142atno\u015bci za harf\u0119 peda\u0142ow\u0105 &#8211; na rok.[\/vc_column_text][\/vc_accordion_tab][vc_accordion_tab gutter_size=&#8221;2&#8243; column_padding=&#8221;2&#8243; title=&#8221;Czy mog\u0119 odkupi\u0107 wynajmowan\u0105 harf\u0119?&#8221; tab_id=&#8221;1717083196556-4-16617199897570301719993071576&#8243;][vc_column_text uncode_shortcode_id=&#8221;184644&#8243;]Tak, masz mo\u017cliwo\u015b\u0107 zakupu instrumentu, kt\u00f3ry wynajmujesz. Mo\u017cesz to zrobi\u0107 w dowolnym momencie trwania umowy. Je\u015bli wynajmujesz harf\u0119 rok lub d\u0142u\u017cej, to podczas wykupu instrumentu otrzymasz zni\u017ck\u0119 o warto\u015bci r\u00f3wnej 6 miesi\u0105com czynszu.[\/vc_column_text][\/vc_accordion_tab][vc_accordion_tab gutter_size=&#8221;2&#8243; column_padding=&#8221;2&#8243; title=&#8221;Czy op\u0142acaj\u0105c przez wiele lat najem harfa po jakim\u015b czasie stanie si\u0119 moj\u0105 w\u0142asno\u015bci\u0105?&#8221; tab_id=&#8221;1717083196556-4-166017199897570301719993071576&#8243;][vc_column_text uncode_shortcode_id=&#8221;813664&#8243;]Nie, czynsz jest op\u0142at\u0105 za u\u017cytkowanie instrumentu a nie rat\u0105 kredytu, kt\u00f3ry si\u0119 sp\u0142aca.[\/vc_column_text][\/vc_accordion_tab][\/vc_accordion][\/vc_column][\/vc_row]<\/p>\n<\/div>","protected":false},"excerpt":{"rendered":"<p>[vc_row row_height_percent=&#8221;0&#8243; override_padding=&#8221;yes&#8221; h_padding=&#8221;2&#8243; top_padding=&#8221;3&#8243; bottom_padding=&#8221;3&#8243; back_color=&#8221;color-491171&#8243; overlay_color=&#8221;color-xsdn&#8221; overlay_alpha=&#8221;50&#8243; gutter_size=&#8221;3&#8243; column_width_percent=&#8221;100&#8243; shift_y=&#8221;0&#8243; z_index=&#8221;0&#8243; uncode_shortcode_id=&#8221;559372&#8243; back_color_type=&#8221;uncode-palette&#8221; overlay_color_type=&#8221;uncode-palette&#8221;][vc_column column_width_percent=&#8221;100&#8243; gutter_size=&#8221;3&#8243; style=&#8221;light&#8221; overlay_alpha=&#8221;50&#8243; [&hellip;]<\/p>\n","protected":false},"author":1,"featured_media":0,"parent":0,"menu_order":0,"comment_status":"closed","ping_status":"closed","template":"","meta":{"footnotes":""},"class_list":["post-296","page","type-page","status-publish","hentry"],"_links":{"self":[{"href":"https:\/\/www.myharp.pl\/index.php\/wp-json\/wp\/v2\/pages\/296"}],"collection":[{"href":"https:\/\/www.myharp.pl\/index.php\/wp-json\/wp\/v2\/pages"}],"about":[{"href":"https:\/\/www.myharp.pl\/index.php\/wp-json\/wp\/v2\/types\/page"}],"author":[{"embeddable":true,"href":"https:\/\/www.myharp.pl\/index.php\/wp-json\/wp\/v2\/users\/1"}],"replies":[{"embeddable":true,"href":"https:\/\/www.myharp.pl\/index.php\/wp-json\/wp\/v2\/comments?post=296"}],"version-history":[{"count":21,"href":"https:\/\/www.myharp.pl\/index.php\/wp-json\/wp\/v2\/pages\/296\/revisions"}],"predecessor-version":[{"id":595,"href":"https:\/\/www.myharp.pl\/index.php\/wp-json\/wp\/v2\/pages\/296\/revisions\/595"}],"wp:attachment":[{"href":"https:\/\/www.myharp.pl\/index.php\/wp-json\/wp\/v2\/media?parent=296"}],"curies":[{"name":"wp","href":"https:\/\/api.w.org\/{rel}","templated":true}]}}